16, what is -9 + 66?
5d
In base 2, what is 1111010 + -1000111?
110011
In base 15, what is -5 - 43?
-48
In base 13, what is 2 - 1a6b?
-1a69
In base 9, what is 164 - 33?
131
In base 8, what is -5 - 42?
-47
In base 3, what is 11112 + 12?
11201
In base 6, what is 11522 - -3?
11525
In base 13, what is -3 - 3?
-6
In base 11, what is 2 - -1686?
1688
In base 13, what is -2 + -13?
-15
In base 12, what is 4 - -1b5?
1b9
In base 12, what is 7 - 91?
-86
In base 5, what is 11 - 100?
-34
In base 3, what is 10 + -110210?
-110200
In base 5, what is -1 - -1040?
1034
In base 9, what is 72 + 3?
75
In base 12, what is -557 - -2?
-555
In base 11, what is 9 - -8?
16
In base 14, what is -1d8 - 18?
-212
In base 9, what is 57 - 4?
53
In base 7, what is 4 - -132?
136
In base 4, what is -3 + -20?
-23
In base 7, what is 1 + -24?
-23
In base 2, what is 10111101011 - 1?
10111101010
In base 16, what is -3 - ba?
-bd
In base 16, what is -4c - 3?
-4f
In base 9, what is -6587 + -2?
-6600
In base 4, what is -2 - 2020?
-2022
In base 9, what is 2 + 1626?
1628
In base 6, what is 5 - -20?
25
In base 12, what is 1868 - -1?
1869
In base 7, what is -3 - 2352?
-2355
In base 16, what is c3d - 2?
c3b
In base 9, what is 13 + -784?
-771
In base 14, what is 1668 - -1?
1669
In base 9, what is -1160 - -8?
-1151
In base 14, what is -20b + 0?
-20b
In base 15, what is 13 - -44?
57
In base 3, what is -10112 - -1011?
-2101
In base 6, what is 4 - -30212?
30220
In base 11, what is -910 + 2?
-909
In base 11, what is -457 + -2?
-459
In base 4, what is -3 + 2102?
2033
In base 16, what is -4a - -2?
-48
In base 9, what is 105 + 4?
110
In base 4, what is 2 + 2113?
2121
In base 9, what is 202 + 3?
205
In base 11, what is 530 - 3?
528
In base 6, what is -22323 + -1?
-22324
In base 9, what is 7772 + -4?
7767
In base 10, what is 94 - -9?
103
In base 9, what is 0 + -3221?
-3221
In base 6, what is -2 - -111?
105
In base 7, what is 65 + 143?
241
In base 2, what is 1000011011 + -11?
1000011000
In base 13, what is -1 - 6?
-7
In base 11, what is -5 - -7?
2
In base 12, what is -2a - -8?
-22
In base 16, what is -4 - 168?
-16c
In base 4, what is -23110 + -22?
-23132
In base 10, what is -13 + 16?
3
In base 6, what is 1 - -4043?
4044
In base 6, what is -4 + 101?
53
In base 4, what is -120 + 12122?
12002
In base 16, what is -51 + 3?
-4e
In base 9, what is -6 + 205?
188
In base 12, what is -1 + 174?
173
In base 12, what is -19 + 1?
-18
In base 15, what is 157c - 2?
157a
In base 2, what is 110011 - 11?
110000
In base 2, what is -10 + -1100101101?
-1100101111
In base 9, what is 26 - -114?
141
In base 11, what is -26 - 6?
-31
In base 2, what is -10000110010 - -11?
-10000101111
In base 7, what is -103 - 6?
-112
In base 10, what is 1240 - -1?
1241
In base 8, what is 13 - -12?
25
In base 3, what is -20122 + -101?
-21000
In base 7, what is 300 - -5?
305
In base 13, what is 6 + -77?
-71
In base 6, what is 235 + -15?
220
In base 12, what is -a9 - 1?
-aa
In base 13, what is -132 + 0?
-132
In base 3, what is 11 - -1110221?
1111002
In base 10, what is 1494 + -5?
1489
In base 12, what is 344 + 3?
347
In base 16, what is 2c + -2?
2a
In base 14, what is 6 + -55d?
-557
In base 16, what is -3e4 + -5?
-3e9
In base 4, what is 11 + -13?
-2
In base 3, what is -2021 - 10?
-2101
In base 16, what is -10 - -ca?
ba
In base 16, what is 8 + 4?
c
In base 15, what is -27 + 14?
-13
In base 5, what is -12 - 112?
-124
In base 14, what is -98c + -13?
-9a1
In base 2, what is -101111010011 - 1?
-101111010100
In base 11, what is -26 + 9?
-18
In base 14, what is 11 - a?
5
In base 11, what is -80 + -4?
-84
In base 6, what is -1353 + 2?
-1351
In base 4, what is 13 - -21021?
21100
In base 9, what is 3 - 1140?
-1136
In base 9, what is -330 + 11?
-318
In base 8, what is 3 - 251?
-246
In base 15, what is a71 - 5?
a6b
In base 14, what is 5 - -da9?
db0
In base 12, what is 12 - 29?
-17
In base 5, what is 3 - -1110?
1113
In base 16, what is 86 + -4?
82
In base 14, what is -3 + -61?
-64
In base 14, what is 3ad - -2?
3b1
In base 11, what is -6 + 578?
572
In base 4, what is 232 - 10?
222
In base 7, what is -231 - -12?
-216
In base 14, what is 4 - -13b?
141
In base 7, what is 156 - 21?
135
In base 15, what is c - 48?
-3b
In base 13, what is -3 - -43?
40
In base 15, what is 1 + -12?
-11
In base 14, what is -5 - -255?
250
In base 10, what is -1080 + -4?
-1084
In base 10, what is -15899 - 5?
-15904
In base 12, what is -3 + 5b?
58
In base 9, what is 32477 + -1?
32476
In base 11, what is -1 + -45?
-46
In base 6, what is 1001 - -23?
1024
In base 13, what is 3 - -4c?
52
In base 2, what is -10101 - -100100?
1111
In base 16, what is -17 + -b?
-22
In base 9, what is 1018 + -5?
1013
In base 4, what is -330 + -10?
-1000
In base 2, what is -101101 + 101?
-101000
In base 16, what is -4f6 - 1?
-4f7
In base 6, what is 4 + -11?
-3
In base 11, what is -37 + 1?
-36
In base 6, what is -302253 + 3?
-302250
In base 16, what is -75 + -1b?
-90
In base 6, what is 1520 - -13?
1533
In base 15, what is -2bb + -2?
-2bd
In base 16, what is -5 - a80?
-a85
In base 8, what is 21120 + -5?
21113
In base 15, what is -2032 - 1?
-2033
In base 10, what is 3 - -2?
5
In base 5, what is -2033 + -10?
-2043
In base 4, what is -12123 + 2?
-12121
In base 12, what is -5 + -6?
-b
In base 12, what is -395 - 0?
-395
In base 8, what is 0 + -170?
-170
In base 15, what is -51b - -d?
-50d
In base 11, what is -565 - 4?
-569
In base 16, what is 3 - 658?
-655
In base 6, what is -41 - -353?
312
In base 4, what is -3 - -223?
220
In base 8, what is 4 + 415?
421
In base 8, what is 14 - -12?
26
In base 15, what is -7 - -1c3?
1bb
In base 13, what is -14 - -140?
129
In base 9, what is -2 + -31?
-33
In base 6, what is 5 - -24?
33
In base 7, what is 3 + -2140?
-2134
In base 8, what is 11 + 100?
111
In base 6, what is 40134 - -5?
40143
In base 4, what is 2 - -2132?
2200
In base 8, what is 672 + -5?
665
In base 9, what is -13 - -7?
-5
In base 7, what is -5 - -126?
121
In base 8, what is 225 + -4?
221
In base 6, what is 145 + 3?
152
In base 8, what is 100 - 4?
74
In base 4, what is 30 - 21?
3
In base 16, what is 5 - 168?
-163
In base 10, what is -5 + 1685?
1680
In base 5, what is -140 - 24?
-214
In base 10, what is 7 - -43?
50
In base 7, what is -202 + 0?
-202
In base 3, what is 11 - 2101?
-2020
In base 7, what is 11410 + 0?
11410
In base 3, what is 0 + -102020122?
-102020122
In base 2, what is -101 + -101101000?
-101101101
In base 11, what is -76 + -2?
-78
In base 6, what is 1354 - -4?
1402
In base 4, what is 3 + 1312?
1321
In base 4, what is -3221 - -33?
-3122
In base 3, what is -21 - -100200?
100102
In base 7, what is 116 + 3?
122
In base 11, what is -7 + -4?
-10
In base 11, what is -5 + -277?
-281
In base 8, what is 5 - 75?
-70
In base 11, what is -214 + -14?
-228
In base 6, what is -1044 + -33?
-1121
In base 9, what is 1 - 10?
-8
In base 9, what is -44 - -23?
-21
In base 16, what is 5 - -6d2?
6d7
In base 6, what is -2 + 2135?
2133
In base 14, what is 5 + 1b6?
1bb
In base 4, what is -3 - 210?
-213
In base 16, what is -5 - -34?
2f
In base 12, what is -3 + 2?
-1
In base 4, what is -31221030 - -2?
-31221022
In base 13, what is -5 + -11c1?
-11c6
In base 14, what is -13a - -3?
-137
In base 5, what is 244 - -4?
303
In base 12, what is -11 - -25?
14
In base 5, what is 10 - -20?
30
In base 7, what is 61 - -21?
112
In base 4, what is -1 + 233?
232
In base 4, what is -3 - 1020?
-1023
In base 11, what is 1 + 2592?
2593
In base 7, what is 4 + -35?
-31
In base 5, what is 2 - -13340?
13342
In base 14, what is 3 - 63?
-60
In base 8, what is -2743 + -12?
-2755
In base 3, what is 122 + 1202?
2101
In base 4, what is 13332 - 1?
13331
In base 14, what is 17 - b?
a
In base 16, what is -c - 7?
-13
In base 10, what is 63 + 0?
63
In base 16, what is -2e69 + 4?
-2e65
In base 9, what is 2 - -347?
350
In base 8, what is -30 + -23?
-53
In base 11, what is 14828 - 4?
14824
In base 4, what is -3 + -31?
-100
In base 11, what is -153 + -1?
-154
In base 10, what is 18 + 4?
22
In base 5, what is 10424 - -1?
10430
In base 7, what is 2526 + -4?
2522
In base 9, what is 17 - -32?
50
In base 7, what is -15 + -1?
-16
In base 11, what is -15 + 0?
-15
In base 15, what is 12 + 2?
14
In base 7, what is 423 - 22?
401
In base 14, what is -2 - -1c9?
1c7
In base 11, what is 2 - -1